{"id":19,"date":"2011-04-25T13:10:03","date_gmt":"2011-04-25T13:10:03","guid":{"rendered":"http:\/\/vectorargentina.com.ar\/laboratoriooptico\/servicios\/"},"modified":"2025-01-08T12:48:49","modified_gmt":"2025-01-08T12:48:49","slug":"servicios","status":"publish","type":"page","link":"http:\/\/vectorargentina.com.ar\/laboratoriooptico\/servicios\/","title":{"rendered":"Servicios"},"content":{"rendered":"<p><strong>\u2022 Calibrados:<\/strong><b><br \/>\n<\/b><br \/>\nRealizados con tecnolog\u00eda de \u00faltima generaci\u00f3n.<br \/>\nEn 12 hs. (sujetos a disponibilidad operativa)<\/p>\n<p><strong>\u2022 Reparaciones:<\/strong><b><br \/>\n<\/b><br \/>\nPrecio unificado.<br \/>\nSistema PEC.<\/p>\n<p><strong>\u2022 Coloraci\u00f3n:<\/strong><b><br \/>\n<\/b><br \/>\nVariedad de colores.<br \/>\nEntregas en el d\u00eda.<\/p>\n<p><strong>\u2022 Metalizados:<\/strong><b><br \/>\n<\/b><br \/>\nEste servicio es tercerizado.<\/p>\n<p><strong>\u2022 Tratamientos:<\/strong><b><br \/>\n<\/b><br \/>\nLaca AntiRaya DURATRON: para todo tipo de lentes pl\u00e1sticas, disponible en el d\u00eda.<br \/>\nServicio Propio.<br \/>\nAntirreflejos, y dem\u00e1s tratamientos, tercerizados.<\/p>\n<p><strong>\u2022 Retiro y Entrega de pedidos puerta a puerta.<\/strong><b><br \/>\n<\/b><\/p>\n<p>&nbsp;<\/p>\n","protected":false},"excerpt":{"rendered":"<p>\u2022 Calibrados: Realizados con tecnolog\u00eda de \u00faltima generaci\u00f3n. En 12 hs. (sujetos a disponibilidad operativa) \u2022 Reparaciones: Precio unificado. Sistema PEC. \u2022 Coloraci\u00f3n: Variedad de colores. Entregas en el d\u00eda. \u2022 Metalizados: Este servicio es tercerizado. \u2022 Tratamientos: Laca AntiRaya DURATRON: para todo tipo de lentes pl\u00e1sticas, disponible en el d\u00eda. Servicio Propio. Antirreflejos, y [&hellip;]<\/p>\n","protected":false},"author":2,"featured_media":0,"parent":0,"menu_order":2,"comment_status":"closed","ping_status":"closed","template":"","meta":{"footnotes":""},"class_list":["post-19","page","type-page","status-publish","hentry","page-entry","loop-entry","clr"],"_links":{"self":[{"href":"http:\/\/vectorargentina.com.ar\/laboratoriooptico\/wp-json\/wp\/v2\/pages\/19","targetHints":{"allow":["GET"]}}],"collection":[{"href":"http:\/\/vectorargentina.com.ar\/laboratoriooptico\/wp-json\/wp\/v2\/pages"}],"about":[{"href":"http:\/\/vectorargentina.com.ar\/laboratoriooptico\/wp-json\/wp\/v2\/types\/page"}],"author":[{"embeddable":true,"href":"http:\/\/vectorargentina.com.ar\/laboratoriooptico\/wp-json\/wp\/v2\/users\/2"}],"replies":[{"embeddable":true,"href":"http:\/\/vectorargentina.com.ar\/laboratoriooptico\/wp-json\/wp\/v2\/comments?post=19"}],"version-history":[{"count":3,"href":"http:\/\/vectorargentina.com.ar\/laboratoriooptico\/wp-json\/wp\/v2\/pages\/19\/revisions"}],"predecessor-version":[{"id":115,"href":"http:\/\/vectorargentina.com.ar\/laboratoriooptico\/wp-json\/wp\/v2\/pages\/19\/revisions\/115"}],"wp:attachment":[{"href":"http:\/\/vectorargentina.com.ar\/laboratoriooptico\/wp-json\/wp\/v2\/media?parent=19"}],"curies":[{"name":"wp","href":"https:\/\/api.w.org\/{rel}","templated":true}]}}