{"id":29,"date":"2011-09-22T15:46:46","date_gmt":"2011-09-22T15:46:46","guid":{"rendered":"http:\/\/vectorargentina.com.ar\/laboratoriooptico\/facility\/"},"modified":"2025-01-08T12:54:44","modified_gmt":"2025-01-08T12:54:44","slug":"facility","status":"publish","type":"page","link":"http:\/\/vectorargentina.com.ar\/laboratoriooptico\/facility\/","title":{"rendered":"Facility"},"content":{"rendered":"<p><a href=\"http:\/\/vectorargentina.com.ar\/laboratoriooptico\/wp-content\/uploads\/2025\/01\/faci2-2.jpg\"><img loading=\"lazy\" decoding=\"async\" class=\"alignnone size-full wp-image-117\" src=\"http:\/\/vectorargentina.com.ar\/laboratoriooptico\/wp-content\/uploads\/2025\/01\/faci2-2.jpg\" alt=\"\" width=\"200\" height=\"142\" \/><\/a><\/p>\n<p><strong><span class=\"title2\">FACILITY CLASSIC <\/span><\/strong><br \/>\nLa lente progresiva de Vector con garant\u00eda total.<br \/>\n\u2022 Garant\u00eda de Adaptaci\u00f3n.<br \/>\n\u2022 Garant\u00eda de Prescripci\u00f3n.<br \/>\n\u2022 Garant\u00eda por toma de medidas.<br \/>\n\u2022 Disponible en material CR39. Policarbontao y Fotosensible.<br \/>\n\u2022 Incluye Laca Duration.<\/p>\n<p>&nbsp;<\/p>\n<p><strong>NOVEDAD\u00a0<\/strong><\/p>\n<p><strong>DIGITAL FACILITY ADVANCED<\/strong><\/p>\n<p>Con la nueva tecnolog\u00eda de tallado digital, se obtiene una lente de alta precisi\u00f3n y m\u00e1xima calidad. Los pacientes experimentar\u00e1n visi\u00f3n clara y n\u00edtida en todas las distancias.<br \/>\nTodos los beneficios que puede llegar a tener un lente, est\u00e1n en <b>DIGITAL FACILITY ADVANCED.<\/b><\/p>\n<p>&nbsp;<\/p>\n","protected":false},"excerpt":{"rendered":"<p>FACILITY CLASSIC La lente progresiva de Vector con garant\u00eda total. \u2022 Garant\u00eda de Adaptaci\u00f3n. \u2022 Garant\u00eda de Prescripci\u00f3n. \u2022 Garant\u00eda por toma de medidas. \u2022 Disponible en material CR39. Policarbontao y Fotosensible. \u2022 Incluye Laca Duration. &nbsp; NOVEDAD\u00a0 DIGITAL FACILITY ADVANCED Con la nueva tecnolog\u00eda de tallado digital, se obtiene una lente de alta precisi\u00f3n [&hellip;]<\/p>\n","protected":false},"author":2,"featured_media":0,"parent":0,"menu_order":1,"comment_status":"closed","ping_status":"closed","template":"","meta":{"footnotes":""},"class_list":["post-29","page","type-page","status-publish","hentry","page-entry","loop-entry","clr"],"_links":{"self":[{"href":"http:\/\/vectorargentina.com.ar\/laboratoriooptico\/wp-json\/wp\/v2\/pages\/29","targetHints":{"allow":["GET"]}}],"collection":[{"href":"http:\/\/vectorargentina.com.ar\/laboratoriooptico\/wp-json\/wp\/v2\/pages"}],"about":[{"href":"http:\/\/vectorargentina.com.ar\/laboratoriooptico\/wp-json\/wp\/v2\/types\/page"}],"author":[{"embeddable":true,"href":"http:\/\/vectorargentina.com.ar\/laboratoriooptico\/wp-json\/wp\/v2\/users\/2"}],"replies":[{"embeddable":true,"href":"http:\/\/vectorargentina.com.ar\/laboratoriooptico\/wp-json\/wp\/v2\/comments?post=29"}],"version-history":[{"count":3,"href":"http:\/\/vectorargentina.com.ar\/laboratoriooptico\/wp-json\/wp\/v2\/pages\/29\/revisions"}],"predecessor-version":[{"id":119,"href":"http:\/\/vectorargentina.com.ar\/laboratoriooptico\/wp-json\/wp\/v2\/pages\/29\/revisions\/119"}],"wp:attachment":[{"href":"http:\/\/vectorargentina.com.ar\/laboratoriooptico\/wp-json\/wp\/v2\/media?parent=29"}],"curies":[{"name":"wp","href":"https:\/\/api.w.org\/{rel}","templated":true}]}}